 + 12*l**2 - 51*l - 526. Give w(-13).
-32
Let p(c) = -c**3 - c**2 - 2*c - 7. Determine p(-4).
49
Let u(k) = -224*k - 2948. Calculate u(-13).
-36
Let f(v) = 8*v - 38. What is f(-35)?
-318
Let z(j) = -2*j**3 + 28*j**2 - 44*j + 48. Give z(13).
-186
Let u(w) = 2*w**3 - 35*w - 14. Give u(-7).
-455
Let l(w) = 82*w - 4701. Determine l(58).
55
Let m(k) = 6*k - 83. Determine m(4).
-59
Let w(k) = -72*k - 1457. Calculate w(-22).
127
Let d(h) = -2*h**3 + 4*h**2 + 4*h - 6. Give d(4).
-54
Let u(i) = -i**2 + 31*i - 94. Determine u(28).
-10
Let m(n) = -25*n**2 - 40*n + 39. What is m(1)?
-26
Let x(v) = 287*v + 1722. Calculate x(-6).
0
Let h(b) = -2583*b - 30973. Calculate h(-12).
23
Let r(h) = h**2 + 34*h - 66. Calculate r(-34).
-66
Let n(u) = -3*u**3 + 6*u**2 + 15*u - 34. Determine n(4).
-70
Let m(d) = -45*d + 45. Calculate m(-3).
180
Let t(j) = 7*j**2 - 11*j - 59. Determine t(-4).
97
Let d(t) = t**2 - 4*t + 51. Give d(7).
72
Let t(f) = -f**2 - 24*f + 572. Give t(-21).
635
Let c(f) = f**3 + 27*f**2 + 66*f - 52. Determine c(-24).
92
Let c(l) = l**2 + 2*l + 2. What is c(6)?
50
Let v(g) = 153*g + 4908. Calculate v(-32).
12
Let n(w) = 4*w**3 + 33*w**2 + 126*w + 1379. Calculate n(-9).
2
Let p(f) = -331*f + 2671. Calculate p(8).
23
Let b(q) = -23*q**2 - 87*q + 141. Give b(-5).
1
Let q(d) = -24*d**2 + 125*d - 23. Determine q(5).
2
Let g(r) = -r**2 + 301*r + 2149. What is g(-7)?
-7
Let s(r) = -2*r**2 - 36*r + 5. Determine s(0).
5
Let s(v) = -2*v**3 - 2*v**2 + v + 5. What is s(5)?
-290
Let o(c) = 356*c + 2124. Calculate o(-7).
-368
Let s(g) = -g**3 + 36*g**2 - 99*g + 28. Give s(33).
28
Let o(s) = 14*s**2 - 274*s - 613. Determine o(-2).
-9
Let v(k) = -8*k - 98. Determine v(7).
-154
Let p(j) = -j**2 + 80*j + 3. What is p(80)?
3
Let i(t) = -15*t**2 + 341*t + 95. Calculate i(23).
3
Let w(o) = 2*o**2 + 229*o + 3005. Give w(-99).
-64
Let t(y) = 2*y**2 + 3*y + 100. Calculate t(0).
100
Let k(t) = -t - 323. Determine k(-66).
-257
Let f(i) = 24*i + 541. What is f(-23)?
-11
Let o(u) = 10*u + 197. Determine o(-20).
-3
Let i(u) = -3*u**3 - 117*u**2 - 320*u + 152. Give i(-36).
8
Let b(z) = z**2 - 10*z + 15. What is b(5)?
-10
Let m(x) = 7*x**2 + 70*x - 85. Calculate m(-11).
-8
Let i(t) = 20*t**2 + 18*t - 33. Give i(3).
201
Let r(l) = -9*l**2 - 544*l - 1636. Give r(-3).
-85
Let q(c) = -2*c**3 + 14*c**2 - 26*c - 35. What is q(5)?
-65
Let v(m) = -3*m**3 + 12*m**2 + 40*m + 30. Give v(-1).
5
Let g(d) = -d**2 + 58*d + 17378. What is g(-106)?
-6
Let m(u) = -6*u**3 - 153*u**2 + 78*u - 5. Determine m(-26).
-5
Let v(g) = -g**3 - 49*g**2 + 172*g + 839. Give v(-52).
7
Let h(x) = 76*x + 9031. Give h(-118).
63
Let j(r) = -3*r**2 + 216*r + 898. Determine j(76).
-14
Let l(y) = -2*y**2 - 61*y - 48. Calculate l(-1).
11
Let l(r) = r**3 - 39*r**2 - 45*r - 51. Determine l(40).
-251
Let s(r) = 5*r**2 + 12*r + 49. Determine s(-3).
58
Let r(p) = -672*p - 8051. Give r(-12).
13
Let i(u) = -19*u**2 + 38*u + 37. Give i(-1).
-20
Let y(v) = v**2 + 127*v + 953. What is y(-9)?
-109
Let p(a) = -151*a + 322. Calculate p(2).
20
Let c(d) = 3783*d + 26472. Give c(-7).
-9
Let s(d) = 24*d + 496. What is s(-27)?
-152
Let g(i) = 12*i**3 + 290*i**2 + 47*i - 26. What is g(-24)?
-2
Let y(h) = 18*h**3 + 9*h**2 + 16*h + 11. Give y(-2).
-129
Let z(v) = -2*v + 60. What is z(-11)?
82
Let u(o) = 39*o - 105. What is u(-2)?
-183
Let u(h) = h**2 - 31*h + 41. Calculate u(24).
-127
Let u(m) = 14*m - 188. Determine u(12).
-20
Let a(p) = -31*p**2 + 21*p + 1. Determine a(3).
-215
Let d(n) = -n**3 + 16*n**2 + 10*n - 20. Give d(16).
140
Let q(t) = t**3 + 23*t**2 - 214*t - 4093. Determine q(-25).
7
Let j(k) = -k**2 - 91*k - 1561. What is j(-68)?
3
Let v(k) = k**3 - 7*k**2 - 11*k - 3. Calculate v(6).
-105
Let t(s) = -s**3 + 71*s**2 - 422*s + 35572. Give t(72).
4
Let p(t) = -2*t**3 - 14*t**2 + 180*t - 2. Determine p(-14).
222
Let z(r) = -11*r - 72. What is z(-17)?
115
Let h(c) = c**3 + 7*c**2 - 43*c - 275. Determine h(-8).
5
Let z(r) = -r**3 - 25*r**2 - 89*r - 9. Determine z(-20).
-229
Let u(r) = -2*r**3 - 30*r**2 - 2*r - 23. Determine u(-15).
7
Let n(d) = -2*d**3 + 32*d**2 + 840*d + 8. What is n(-14)?
8
Let v(c) = 13*c - 74. Determine v(0).
-74
Let x(w) = -w**3 + 7*w**2 + 34*w + 13. Calculate x(-3).
1
Let q(d) = -174*d + 1023. Give q(8).
-369
Let d(x) = 4*x**3 - 60*x**2 - 249*x + 596. Calculate d(18).
2
Let p(r) = r**3 - 26*r**2 + 30*r - 124. Determine p(25).
1
Let z(p) = p**2 - 31*p + 132. Calculate z(30).
102
Let n(r) = -5*r**3 - 23*r**2 + 24*r + 97. What is n(-5)?
27
Let n(v) = 15*v**2 + 185*v - 45. What is n(-12)?
-105
Let v(t) = -8*t - 475. What is v(-59)?
-3
Let u(s) = 1404*s + 12623. Give u(-9).
-13
Let w(v) = -2*v**2 + 10*v + 1061. Determine w(-20).
61
Let a(h) = 170*h + 21929. Determine a(-129).
-1
Let a(c) = -2*c**2 + 589*c - 8. What is a(0)?
-8
Let r(f) = 2*f**3 - 8*f**2 - 10*f + 56. Determine r(4).
16
Let l(t) = t**2 + 217*t - 2038. Determine l(9).
-4
Let n(w) = -843*w + 19355. Calculate n(23).
-34
Let o(t) = 5*t - 72. Calculate o(30).
78
Let h(b) = -2*b**2 + 51*b + 341. What is h(31)?
0
Let t(s) = -s**3 + 53*s**2 + 168*s + 36. What is t(56)?
36
Let d(y) = 2*y**3 + 21*y**2 + 51*y - 4. What is d(-4)?
0
Let s(c) = -386*c - 2219. Calculate s(-6).
97
Let j(a) = -a**3 + a**2 - 251*a + 1358. What is j(5)?
3
Let p(j) = 8*j**2 - j - 14. Determine p(0).
-14
Let y(j) = 15*j**2 + 29*j + 7. What is y(-5)?
237
Let t(p) = -3016*p - 24115. What is t(-8)?
13
Let s(j) = -622*j + 13685. What is s(22)?
1
Let d(u) = -u**3 + 2*u**2 + 62*u - 66. What is d(7)?
123
Let c(a) = 248*a - 890. Calculate c(4).
102
Let v(h) = -h**3 - 10*h**2 + 101*h + 1019. Calculate v(-10).
9
Let l(m) = -36*m**2 + 1331*m + 40. Give l(37).
3
Let y(v) = -4*v**2 + 2*v + 10. Give y(-1).
4
Let m(v) = 69*v + 622. Give m(-17).
-551
Let w(f) = f**2 + 102*f - 10626. Calculate w(64).
-2
Let c(b) = -252*b + 1014. Calculate c(4).
6
Let x(s) = -2*s**3 + 14*s**2 + 37*s - 37. Determine x(9).
-28
Let d(j) = j**2 + j - 32. Determine d(12).
124
Let t(u) = u**3 - 94*u**2 - 280*u - 1083. Give t(97).
-16
Let x(s) = 14*s - 424. What is x(31)?
10
Let f(r) = 4*r**3 - 12*r**2 - 65*r + 221. Calculate f(4).
25
Let h(d) = -d**3 - 11*d**2 + 336*d + 2874. Determine h(-8).
-6
Let f(b) = 807*b - 4038. What is f(5)?
-3
Let h(p) = -p**3 - 20*p**2 - 48*p + 9. Determine h(-17).
-42
Let b(y) = 17*y + 28. Calculate b(10).
198
Let u(t) = -t**3 + 3*t**2 - t + 101. Determine u(6).
-13
Let m(z) = z**3 + 53*z**2 + 45*z - 128. Determine m(-52).
236
Let k(v) = -4*v**2 + 313*v + 6927. Determine k(-18).
-3
Let o(u) = -21*u + 176. What is o(8)?
8
Let o(u) = -21*u + 2013. What is o(96)?
-3
Let o(j) = -2158*j - 4306. Determine o(-2).
10
Let z(m) = m**3 - 9*m**2 + 16*m + 12. Calculate z(7).
26
Let w(b) = 63*b**2 - 13*b - 44. Determine w(1).
6
Let l(r) = r**2 + 138*r + 2176. Give l(-18).
16
Let t(i) = -i**3 - 40*i**2 - 295*i + 57. Determine t(-10).
7
Let q(j) = j**2 - 40*j + 277. What is q(32)?
21
Let l(v) = v**2 - 10*v - 124. What is l(-8)?
20
Let g(c) = c**2 - 55*c - 437. Give g(62).
-3
Let h(b) = 6*b**2 - 11*b + 19. Calculate h(5).
114
Let l(x) = -39*x - 237. Determine l(-21).
582
Let c(k) = 397*k - 18. Give c(0).
-18
Let p(f) = -2*f**2 - 90*f + 8. Calculate p(-45).
8
Let j(c) = 207*c - 1346. Determine j(5).
-311
Let a(x) = 17*x - 4. Calculate a(-1).
-21
Let t(r) = 46*r + 223. Give t(-3).
85
Let g(u) = -3*u**3 - 75*u**2 - 10*u + 26. Give g(-25).
276
Let x(k) = 510*k + 48. What is x(1)?
558
Let p(a) = -50*a + 32. Give p(-6).
332
Let v(w) = -w + 71. Calculate v(50).
21
Let w(n) = -261*n - 771. Calculate w(-3).
12
Let u(b) = 4*b**2 - 341*b - 290. Calculate u(86).
-32
Let a(t) = -66*t**2 - 2641*t - 28. Calculate a(-40).
12
Let c(b) = 1443*b - 7219. Determine c(5).
-4
Let m(c) = 20*c + 644. What is m(-6)?
524
Let b(u) = u**2 - 43*u + 90. Give b(40).
-30
Let k(l) = -l**2 + 12*l + 3811. What is k(66)?
247
Let z(c) = -90*c + 229. Calculate z(3).
-41
Let c(l) = 164*l**3 + 35*l - 34. Calculate c(1).
165
Let y(a) = 2*a**2 - 34*a + 131. Determine y(12).
11
Let k(x) = 2586*x + 121539. Determine k(-47).
-3
Let n(i) = -98*i - 2251. Give n(-23).
3
Let y(z) = -1254*z - 7508. Give y(-6).
16
Let t(f) = f**2 + 24*f - 42. Give t(-24).
-42
Let a(d) = -d**3 - 38*d**2 + 7*d - 303. Give a(-38).
-569
Let y(v) = -31*v**2 - 12*v + 8. Determine y(2)